n base 3?
101102
Convert 836 (base 12) to base 5.
14234
Convert -363 (base 12) to base 13.
-300
6bd (base 15) to base 9
2077
Convert -111100111010010 (base 2) to base 6.
-400214
Convert -aec5 (base 15) to base 11.
-25954
Convert 1003 (base 8) to base 6.
2215
Convert 233100 (base 4) to base 12.
1900
What is -3404 (base 11) in base 14?
-18c1
Convert -32341 (base 6) to base 13.
-2047
Convert -10800 (base 13) to base 14.
-ac89
What is 4a13 (base 13) in base 3?
112101200
What is -1928 (base 12) in base 13?
-1511
What is 33264 (base 7) in base 12?
4a20
What is -14433 (base 6) in base 7?
-6531
Convert a9a7 (base 14) to base 12.
14b9b
Convert 31187 (base 10) to base 11.
21482
Convert 113241 (base 5) to base 6.
31232
Convert -252 (base 9) to base 14.
-10d
What is -973 (base 15) in base 6?
-13513
What is 10001101111000 (base 2) in base 7?
35321
What is 17bcd (base 15) in base 12?
3861a
What is -e3 (base 16) in base 7?
-443
-2b2 (base 14) to base 10
-548
What is -31 (base 6) in base 3?
-201
Convert 223 (base 16) to base 8.
1043
What is a4a (base 12) in base 13?
8b3
-2ac6 (base 13) to base 12
-3746
-2c6 (base 14) to base 12
-3b2
4235 (base 7) to base 2
10111011000
-247 (base 16) to base 9
-717
-4b31 (base 14) to base 15
-3d85
-46022 (base 10) to base 2
-1011001111000110
Convert -1303342 (base 6) to base 15.
-15e7b
-30210233 (base 4) to base 5
-3122003
3b0 (base 12) to base 11
473
18101 (base 9) to base 6
133431
-11010101111 (base 2) to base 3
-2100101
What is 357 (base 11) in base 16?
1a9
What is 10c87 (base 13) in base 9?
46101
What is -1cb (base 13) in base 9?
-413
364b (base 15) to base 16
2d1a
What is 11104 (base 7) in base 13?
1372
What is 955 (base 11) in base 2?
10001111101
-30255 (base 10) to base 12
-15613
-3665 (base 8) to base 13
-b8a
-2023 (base 6) to base 9
-546
Convert 11003 (base 5) to base 12.
529
-852 (base 9) to base 3
-221202
-40655 (base 7) to base 13
-46a6
111001001 (base 2) to base 5
3312
What is 554403 (base 6) in base 16?
b523
-1010222011 (base 3) to base 16
-5830
Convert 147 (base 15) to base 6.
1204
147c8 (base 14) to base 3
2120212200
Convert -3032001 (base 4) to base 13.
-6003
-7098 (base 13) to base 6
-155440
What is 3ad8 (base 14) in base 12?
6012
Convert -330 (base 15) to base 5.
-10340
What is -140774 (base 8) in base 5?
-3042120
Convert 12b86 (base 13) to base 14.
ca28
2b3 (base 12) to base 13
267
What is -10101 (base 2) in base 7?
-30
-25443 (base 7) to base 10
-6744
What is -84346 (base 9) in base 10?
-55689
-777 (base 13) to base 7
-3510
What is -536 (base 15) in base 8?
-2230
Convert b09c (base 15) to base 8.
110630
What is 559a (base 13) in base 8?
27265
Convert 2916 (base 11) to base 8.
7270
-2e91 (base 16) to base 4
-2322101
2b8 (base 16) to base 15
316
-323 (base 7) to base 10
-164
-534 (base 11) to base 4
-22002
What is -30534 (base 6) in base 13?
-1b28
Convert -1025055 (base 6) to base 4.
-30102323
-8d2 (base 16) to base 4
-203102
Convert -2203 (base 7) to base 16.
-313
What is -58 (base 14) in base 16?
-4e
What is 340 (base 9) in base 13?
186
Convert -212000102 (base 3) to base 4.
-10012022
What is -11b (base 15) in base 12?
-18b
What is -21000002 (base 3) in base 12?
-2b55
359 (base 13) to base 2
1001000101
What is -1141041 (base 5) in base 9?
-32313
-101012 (base 3) to base 15
-135
Convert -100001010 (base 2) to base 3.
-100212
-31a0 (base 14) to base 3
-102202100
401 (base 7) to base 8
305
What is 989 (base 15) in base 6?
13550
What is -5491 (base 10) in base 6?
-41231
-3167 (base 8) to base 7
-4553
What is 353 (base 6) in base 10?
141
-348a (base 16) to base 13
-6178
Convert 3213213 (base 4) to base 5.
433243
-15c3a (base 13) to base 16
-a297
10010001001 (base 2) to base 12
809
104130 (base 5) to base 12
2155
What is -1012 (base 9) in base 16?
-2e4
Convert -405 (base 14) to base 13.
-489
-bb (base 13) to base 6
-414
-1243 (base 10) to base 4
-103123
222202 (base 3) to base 11
5a7
What is -1222110021 (base 3) in base 10?
-38968
Convert 10665 (base 8) to base 5.
121113
144 (base 14) to base 6
1104
-768 (base 12) to base 9
-1438
What is -2220212 (base 4) in base 9?
-15718
What is -46258 (base 9) in base 10?
-30833
1641 (base 7) to base 9
820
Convert 3a7 (base 16) to base 11.
780
What is -1002201 (base 3) in base 7?
-2224
Convert 20000 (base 5) to base 4.
103202
2202210 (base 3) to base 7
5613
What is e1 (base 16) in base 12?
169
-41 (base 9) to base 13
-2b
What is -13057 (base 8) in base 16?
-162f
What is 1760 (base 8) in base 3?
1101100
-6607 (base 12) to base 3
-120102021
Convert -43244 (base 5) to base 3.
-11001020
What is 865 (base 12) in base 13?
737
What is -34278 (base 10) in base 14?
-c6c6
Convert 11db (base 14) to base 9.
4261
What is -1dba (base 15) in base 9?
-8784
Convert -26202 (base 7) to base 13.
-3225
-123544 (base 7) to base 3
-1011102201
-4785 (base 13) to base 3
-111211100
What is 2275 (base 11) in base 16?
baa
What is 1101220122 (base 3) in base 12?
13bb2
Convert 152 (base 16) to base 4.
11102
-12022 (base 3) to base 11
-120
Convert 10011011 (base 2) to base 7.
311
What is -685 (base 9) in base 12?
-3ab
Convert -34526 (base 8) to base 11.
-10034
Convert -321d (base 15) to base 13.
-4a98
Convert 2074 (base 8) to base 6.
5004
Convert -744e (base 16) to base 2.
-111010001001110
-215 (base 16) to base 9
-652
Convert 211 (base 10) to base 11.
182
-110202110 (base 3) to base 2
-10010001010100
What is 25 (base 6) in base 14?
13
Convert a4b (base 16) to base 13.
1279
What is 440 (base 11) in base 5?
4103
-63583 (base 9) to base 11
-29642
-55b2 (base 15) to base 6
-220035
What is 212122 (base 6) in base 14?
645c
Convert 112212 (base 3) to base 7.
1112
-20521 (base 8) to base 9
-12626
What is -4c7 (base 16) in base 9?
-1608
What is 200120 (base 3) in base 5?
4001
-1020012 (base 4) to base 16
-1206
156757 (base 8) to base 16
ddef
-6253 (base 7) to base 15
-9b4
1010011010000 (base 2) to base 8
12320
What is 860 (base 10) in base 16?
35c
1102011 (base 3) to base 12
71a
-254314 (base 6) to base 4
-11213212
What is 3693 (base 11) in base 6?
34153
Convert -2514 (base 14) to base 9.
-8806
Convert 5855 (base 12) to base 16.
2681
Convert -8815 (base 12) to base 4.
-3222101
What is -fda4 (base 16) in base 15?
-1438c
-2338 (base 10) to base 14
-bd0
-c2d (base 15) to base 2
-101010110111
-1fd (base 16) to base 10
-509
What is -499 (base 14) in base 8?
-1627
Convert -16c1 (base 16) to base 10.
-5825
Convert 440034 (base 5) to base 15.
46b4
-6231 (base 8) to base 2
-110010011001
-200112 (base 3) to base 8
-764
What is -20111031 (base 4) in base 3?
-1201210220
Convert 755 (base 12) to base 14.
569
What is 114362 (base 7) in base 2?
101000100100011
-463a4 (base 11) to base 4
-100113103
-2322312 (base 4) to base 12
-6b06
What is -22533 (base 6) in base 8?
-6231
111010011 (base 2) to base 4
13103
-26862 (base 11) to base 6
-453200
3ed (base 15) to base 14
482
Convert 102310 (base 4) to base 7.
3340
What is 111250 (base 6) in base 2?
10010010101110
Convert -26026 (base 7) to base 8.
-15340
Convert 336 (base 12) to base 4.
13122
Convert -10011011010 (base 2) to base 3.
-1201000
2428 (base 9) to base 11
13a4
4a0 (base 14) to base 11
770
What is -40102 (base 5) in base 16?
-9df
What is -2023130 (base 4) in base 16?
-22dc
32b (base 15) to base 2
1011001100
Convert -2445 (base 11) to base 10.
-3195
Convert -1112 (base 5) to base 9.
-184
Convert 440 (base 6) to base 13.
cc
23211232 (base 4) to base 3
2102010011
Convert 1122114 (base 6) to base 14.
16d54
Convert 1470 (base 14) to base 2.
111000101010
Convert -14124 (base 6) to base 13.
-1012
-2045 (base 6) to base 7
-1226
171 (base 12) to base 15
104
-3b2a1 (base 12) to base 10
-81625
6053 (base 7) to base 6
13412
Convert -10564 (base 10) to base 5.
-314224
What is -62 (base 7) in base 8?
-54
Convert -6712 (base 15) to base 3.
-1002221222
Convert -908 (base 12) to base 8.
-2430
What is -19 (base 12) in base 6?
-33
What is -565 (base 8) in base 6?
-1421
11301013 (base 4) to base 2
101110001000111
What is 2b8 (base 14) in base 6?
2322
What is 224020 (base 6) in base 3?
222002110
bca9 (base 16) to base 9
73223
Convert 467e (base 16) to base 15.
5531
Convert 120244 (base 6) to base 13.
49c3
1251 (base 6) to base 8
477
-40 (base 13) to base 15
-37
What is 631 (base 7) in base 